{"id":2793,"date":"2023-05-23T20:35:43","date_gmt":"2023-05-23T20:35:43","guid":{"rendered":"https:\/\/francyriverapeluqueria.com.co\/?post_type=product&#038;p=2793"},"modified":"2025-08-28T16:34:13","modified_gmt":"2025-08-28T16:34:13","slug":"shampoo-renovador-elements","status":"publish","type":"product","link":"https:\/\/francyriverapeluqueria.com.co\/index.php\/producto\/shampoo-renovador-elements\/","title":{"rendered":"SHAMPOO RENOVADOR ELEMENTS"},"content":{"rendered":"<div class=\"colorProdInfo\">\n<div class=\"article prodDescription\">\n<div>\n<p>Wella<strong> Elements Renewing Shampoo\u00a0<\/strong><\/p>\n<p>Wella Elements Renewing Shampoo es un champ\u00fa hidratante que nutre el cabello desde la ra\u00edz hasta las puntas. El champ\u00fa renovador Wella Elements es adecuado para todo tipo de cabello y no contiene sulfatos ni siliconas.<\/p>\n<p>Este champ\u00fa limpia suavemente el cabello con una lujosa experiencia espumosa, sin eliminar la humedad del cabello.\u00a0Revive la suavidad y el brillo del cabello para una apariencia y sensaci\u00f3n saludables.<\/p>\n<h3><strong>Especificaciones del champ\u00fa renovador Wella Elements:<\/strong><\/h3>\n<ul>\n<li>Hidrata<\/li>\n<li>Nutre el cabello<\/li>\n<li>Apto para todo tipo de cabello<\/li>\n<li>Libre de sulfatos y siliconas.<\/li>\n<\/ul>\n<h3><strong>Uso del champ\u00fa renovador Wella Elements:<\/strong><\/h3>\n<ul>\n<li>Aplique el champ\u00fa renovador Wella Elements sobre el cabello mojado.<\/li>\n<li>Masajea bien el champ\u00fa.<\/li>\n<li>D\u00e9jalo retraer por un tiempo.<\/li>\n<li>Finalmente, enjuague bien el champ\u00fa.<\/li>\n<\/ul>\n<ul>\n<li>Cabello hasta un 30 % m\u00e1s suave*<\/li>\n<li>91% ingredientes de origen natural<\/li>\n<li>Formulado sin sulfatos, siliconas<\/li>\n<li>Libre de ingredientes derivados de animales<\/li>\n<li>Dermatol\u00f3gicamente Comprobado<\/li>\n<\/ul>\n<\/div>\n<\/div>\n<\/div>\n","protected":false},"excerpt":{"rendered":"<p>Wella Elements Renewing Shampoo\u00a0 Wella Elements Renewing Shampoo es un champ\u00fa hidratante que nutre el cabello desde la ra\u00edz hasta las puntas. El champ\u00fa renovador Wella Elements es adecuado para todo tipo de cabello y no contiene sulfatos ni siliconas. Este champ\u00fa limpia suavemente el cabello con una lujosa experiencia espumosa, sin eliminar la humedad [&hellip;]<\/p>\n","protected":false},"featured_media":3356,"comment_status":"open","ping_status":"closed","template":"","meta":{"site-sidebar-layout":"default","site-content-layout":"","ast-site-content-layout":"default","site-content-style":"default","site-sidebar-style":"default","ast-global-header-display":"","ast-banner-title-visibility":"","ast-main-header-display":"","ast-hfb-above-header-display":"","ast-hfb-below-header-display":"","ast-hfb-mobile-header-display":"","site-post-title":"","ast-breadcrumbs-content":"","ast-featured-img":"","footer-sml-layout":"","ast-disable-related-posts":"","theme-transparent-header-meta":"","adv-header-id-meta":"","stick-header-meta":"","header-above-stick-meta":"","header-main-stick-meta":"","header-below-stick-meta":"","astra-migrate-meta-layouts":"default","ast-page-background-enabled":"default","ast-page-background-meta":{"desktop":{"background-color":"","background-image":"","background-repeat":"repeat","background-position":"center center","background-size":"auto","background-attachment":"scroll","background-type":"","background-media":"","overlay-type":"","overlay-color":"","overlay-opacity":"","overlay-gradient":""},"tablet":{"background-color":"","background-image":"","background-repeat":"repeat","background-position":"center center","background-size":"auto","background-attachment":"scroll","background-type":"","background-media":"","overlay-type":"","overlay-color":"","overlay-opacity":"","overlay-gradient":""},"mobile":{"background-color":"","background-image":"","background-repeat":"repeat","background-position":"center center","background-size":"auto","background-attachment":"scroll","background-type":"","background-media":"","overlay-type":"","overlay-color":"","overlay-opacity":"","overlay-gradient":""}},"ast-content-background-meta":{"desktop":{"background-color":"var(--ast-global-color-5)","background-image":"","background-repeat":"repeat","background-position":"center center","background-size":"auto","background-attachment":"scroll","background-type":"","background-media":"","overlay-type":"","overlay-color":"","overlay-opacity":"","overlay-gradient":""},"tablet":{"background-color":"var(--ast-global-color-5)","background-image":"","background-repeat":"repeat","background-position":"center center","background-size":"auto","background-attachment":"scroll","background-type":"","background-media":"","overlay-type":"","overlay-color":"","overlay-opacity":"","overlay-gradient":""},"mobile":{"background-color":"var(--ast-global-color-5)","background-image":"","background-repeat":"repeat","background-position":"center center","background-size":"auto","background-attachment":"scroll","background-type":"","background-media":"","overlay-type":"","overlay-color":"","overlay-opacity":"","overlay-gradient":""}},"_joinchat":[]},"product_brand":[],"product_cat":[57],"product_tag":[],"class_list":{"0":"post-2793","1":"product","2":"type-product","3":"status-publish","4":"has-post-thumbnail","6":"product_cat-shampoos","7":"desktop-align-left","8":"tablet-align-left","9":"mobile-align-left","11":"first","12":"instock","13":"shipping-taxable","14":"purchasable","15":"product-type-simple"},"_links":{"self":[{"href":"https:\/\/francyriverapeluqueria.com.co\/index.php\/wp-json\/wp\/v2\/product\/2793","targetHints":{"allow":["GET"]}}],"collection":[{"href":"https:\/\/francyriverapeluqueria.com.co\/index.php\/wp-json\/wp\/v2\/product"}],"about":[{"href":"https:\/\/francyriverapeluqueria.com.co\/index.php\/wp-json\/wp\/v2\/types\/product"}],"replies":[{"embeddable":true,"href":"https:\/\/francyriverapeluqueria.com.co\/index.php\/wp-json\/wp\/v2\/comments?post=2793"}],"wp:featuredmedia":[{"embeddable":true,"href":"https:\/\/francyriverapeluqueria.com.co\/index.php\/wp-json\/wp\/v2\/media\/3356"}],"wp:attachment":[{"href":"https:\/\/francyriverapeluqueria.com.co\/index.php\/wp-json\/wp\/v2\/media?parent=2793"}],"wp:term":[{"taxonomy":"product_brand","embeddable":true,"href":"https:\/\/francyriverapeluqueria.com.co\/index.php\/wp-json\/wp\/v2\/product_brand?post=2793"},{"taxonomy":"product_cat","embeddable":true,"href":"https:\/\/francyriverapeluqueria.com.co\/index.php\/wp-json\/wp\/v2\/product_cat?post=2793"},{"taxonomy":"product_tag","embeddable":true,"href":"https:\/\/francyriverapeluqueria.com.co\/index.php\/wp-json\/wp\/v2\/product_tag?post=2793"}],"curies":[{"name":"wp","href":"https:\/\/api.w.org\/{rel}","templated":true}]}}